 a = -5000 - -5137. Calculate the remainder when a is divided by o.
5
Let h = 35 + -30. What is the remainder when 2/h + 7328/80 is divided by 24?
20
Suppose 79*d - 9*d = 24399 + 101. What is the remainder when d is divided by 80?
30
Suppose 3*d - 59 = -53. Suppose 6*y = -d*y. Suppose 2*p - 22 + 12 = y. Calculate the remainder when 17 is divided by p.
2
Let c be 528/14 - (-3 + (-38)/(-14)). Suppose 0 = -6*a - 2 + c. What is the remainder when 16 is divided by a?
4
Let q be 3 + (-12 - -5) + 1*13. Suppose -q*z + 63 = -2*z. Calculate the remainder when 27 is divided by z.
0
Let z(s) = 43*s - 417. Calculate the remainder when z(14) is divided by 47.
44
Let x(y) = -3*y + 24. Let b be x(11). Let u(l) = l + 40. Let p(d) = -d - 41. Let o(z) = 3*p(z) + 4*u(z). What is the remainder when 81 is divided by o(b)?
25
Suppose 30*k + 96 = 36. Calculate the remainder when 2/((-1318)/(-438) + k + -1) is divided by (-3)/12 - 69/(-4).
15
What is the remainder when 3048 is divided by ((918/(-4))/(-9))/((2 - -15)/204)?
294
Let j = 669 + -178. Suppose -5*d + 34 = -j. Let z = d + -94. What is the remainder when 130 is divided by z?
9
Suppose -2*p = -o - 0*o + 1495, 3*p = -o - 2245. Let m = p - -817. What is the remainder when 182 is divided by m?
44
Suppose 0 = -s + 6*s - 40. Suppose 4*o + 384 = 5*i - 0*o, -5*i + 376 = 4*o. What is the remainder when i is divided by (-5)/((-10)/6) + s?
10
Let d(p) = 127*p**2 - p - 1. Let o be d(2). Let h = -427 + o. Calculate the remainder when h is divided by 28.
22
Calculate the remainder when 45/(1 + -3 - (-3 + (-40)/(-45))) is divided by 399.
6
Let r(w) = w + 13. Let t be r(-8). Suppose -t*s = -5*q - s + 117, q + 3*s - 31 = 0. Suppose q*l - 20*l = 150. Calculate the remainder when 56 is divided by l.
26
Let u(q) = -q**3 + 7*q**2 + 22*q - 27. Suppose 4*n - 16 = 5*z, -3*n = 3*z - 3 - 36. Calculate the remainder when 53 is divided by u(n).
8
Let m(h) = 14*h + 13. Let v be m(-5). Let j = v + 60. Suppose 15*p - 13*p = 34. Calculate the remainder when p is divided by j.
2
Suppose -4568 = -4*t + 4*m, -13*m = -3*t - 17*m + 3398. Calculate the remainder when t is divided by 14.
4
Suppose -6*a - 2369 = -2963. Calculate the remainder when 489 is divided by a.
93
Let w(z) = -3 - z + 9*z - 2 + 0. Let t(a) = -32*a - 607. Calculate the remainder when t(-21) is divided by w(2).
10
Let o(b) = -8*b - 30. Let h be o(-6). Suppose a + a - h = 0. Let t = 1 + 7. What is the remainder when a is divided by t?
1
Suppose -32*w + 130 = -22*w. Let j = w - -8. Calculate the remainder when j is divided by 45/4 - 4/16.
10
Let t(h) = 497*h - 923. Calculate the remainder when 2341 is divided by t(2).
69
Suppose 0 = 6*g + 22*g - 3112 - 21108. Calculate the remainder when g is divided by 296.
273
Let w(o) = -o**3 + 120. Let l be w(0). Let b = -182 + l. Let g = -16 - b. Calculate the remainder when g is divided by 25.
21
Let h = -19469 + 19501. What is the remainder when 77 is divided by h?
13
Let j(t) = 2*t. Calculate the remainder when ((-367)/2*-2)/(9 - 216/27) is divided by j(8).
15
Let b(s) = -s - 4. Let m be b(-6). Let a be (-186)/((2220/(-800))/37). Suppose -m*z = -18*z + a. What is the remainder when z is divided by 39?
38
Let v = 48322 + -48285. Suppose 0 = -2*o + 123 + 89. Calculate the remainder when o is divided by v.
32
Suppose -32*z + 780 = -15*z + 48*z. Calculate the remainder when 7065 is divided by z.
9
Suppose 4*a = d + 21 - 14, -5*d = -2*a + 125. Suppose -o = 7*j - 3*j - 12, 156 = 5*o - 4*j. Let k = d + o. What is the remainder when k is divided by 1?
0
Let w(d) = -17 - 15 - 20*d - 59. Calculate the remainder when w(-7) is divided by 48.
1
Suppose 4*p + 63 - 615 = 0. Let r(s) = -2*s + 3. What is the remainder when 198/8 - (p/24 - 6) is divided by r(-2)?
4
Let u(z) = 7 + 13 - 5 + 36*z + 3. Let h be u(4). Let y = -85 + h. What is the remainder when y is divided by 8?
5
Let t(g) = 51*g + 493. What is the remainder when 774 is divided by t(-9)?
26
What is the remainder when (-2 - -152)*-7*(-8)/420*3 is divided by 14?
4
Let p = -206 + 303. Suppose -37 = -4*m - p. Calculate the remainder when 1 - 265/m*3 is divided by 28.
26
Let l(j) = 2*j**3 + 15*j**2 + 7*j + 5. Let t be l(-5). Suppose -4*h - 3 = -t. What is the remainder when 159 is divided by h?
21
Suppose 3*y + 4*t = 9, 2*y + t = -t + 6. Let j(p) = 3*p**2 + 16923*p + 50761. What is the remainder when j(-3) is divided by -3*2/y + 7?
4
Suppose 349753*l - 349764*l + 310 = -31. Let x = 95 - 47. Let h = x - 32. Calculate the remainder when l is divided by h.
15
Let c(g) = 9*g**2 + 11*g + 25. Let j be c(-4). Suppose -b + x + 212 = -0*b, -5*x = 0. Let w = b - j. What is the remainder when w is divided by 18?
15
Suppose 124*c - 63*c - 3355 = 0. What is the remainder when 83 is divided by c?
28
Let y = 0 + 46. Let i = 389 + -362. What is the remainder when y is divided by i?
19
What is the remainder when 2018 is divided by (45/(-36))/((-24)/1440)?
68
Let n(s) = -17*s - 10. Suppose 3*h = b + 4*h - 15, 42 = 2*b - h. Calculate the remainder when n(-5) is divided by b.
18
Suppose -5*k + 4*k - 2*t = -77, -2*k + t = -144. Let y = k - 57. What is the remainder when (-32)/(-48) + -1 + 452/6 is divided by y?
11
Let q(p) = 106*p**2 + p + 1. Let a be q(-1). Suppose 3*x - a = x. Let z = 74302 - 74274. What is the remainder when x is divided by z?
25
Suppose -2*u - 60 = 4*u. Let r be u/(-5) + 17*1. Let k = r + -3. What is the remainder when k is divided by 9?
7
Suppose 17*a - 2*a = 510. Suppose -n + a = -3*c, 4*n + 56 = 6*n - 2*c. Calculate the remainder when 98/2 + 0 + -2 is divided by n.
22
Let i be -3 - 6/12*-6. Suppose 0 = -i*u + 4*u - 5*k - 97, -4*u = 4*k - 88. Calculate the remainder when 205 is divided by u.
21
Let o = -2216 - -2260. What is the remainder when o is divided by ((-80)/(-15))/((-1)/(-3))?
12
Let c = -1678 + 1706. Suppose -6*z = -5*z + y - 43, z - 2*y - 49 = 0. Calculate the remainder when z is divided by c.
17
Suppose 0 = -0*m - 4*m - 2*w + 26, 3*w = 9. Suppose -m*r + 0*f + f = -25, r + 4 = 2*f. Calculate the remainder when 45 is divided by 15/r*10/1.
20
Let a = -5600 - -6523. What is the remainder when a is divided by 185?
183
What is the remainder when 837 is divided by (-8)/10 + (-5)/((-200)/(-9032))*-1?
162
Suppose 64*y - 62*y - l = 5660, 3*l - 18 = 0. Calculate the remainder when y is divided by 45.
43
Let c(i) = 10*i + 498. Calculate the remainder when c(-39) is divided by 26.
4
Calculate the remainder when (-171)/15*(-550)/30 is divided by 54.
47
Let w(t) = -t**2 - 47*t + 168. Let p(y) = 2*y**2 - 9*y + 10. Let z = 12 - 4. What is the remainder when p(z) is divided by w(-50)?
12
Let o(b) = b**2 - 25*b + 120. Suppose -259*h + 104 = -255*h. What is the remainder when o(h) is divided by 10?
6
Let r be (-1 - (1 - 5))*4. Suppose -16 = -7*l + r. Suppose -3*w + 5*h = 3*h - 42, 3*h + 55 = l*w. What is the remainder when 62 is divided by w?
14
Suppose 1923 = -56*p + 7075. What is the remainder when 364 is divided by p?
88
Suppose 3*o + 178 = -5*f, 0*o = -2*o - 2*f - 112. Let y = 55 + o. Suppose a = 7*a - 42. What is the remainder when a is divided by y?
3
Let s(b) = 8*b**2 - 67*b - 42. Calculate the remainder when 575 is divided by s(9).
2
Let m = 21540 - 21463. What is the remainder when 2236 is divided by m?
3
Let x(s) = s**3 + 2*s**2 - 7*s + 5. Let q = -11 - -19. Suppose b = 5*b - q. Calculate the remainder when 15 is divided by x(b).
1
Let h = -81 + 89. Suppose -200 = y - 3*y. Suppose 0*r = 5*r - y. Calculate the remainder when r is divided by h.
4
Let a = 276 - 1814. Suppose 6*o - 6 = 8*o. What is the remainder when a/(-14) - o/21 is divided by 28?
26
Let k = 27277 - 27263. Calculate the remainder when 2123 is divided by k.
9
Calculate the remainder when 7 + -305*(-40)/50 is divided by 64.
59
Suppose -2*j + 42 + 6 = 0. Let r(f) = 546*f**2. Let z be r(1). Suppose 4*x + 2*x - z = 0. Calculate the remainder when x is divided by j.
19
Suppose 0 = 3*k + 4*k + 12*k. What is the remainder when -262*5/(-10) + k is divided by 33?
32
Let o(s) = -s**3 - 6*s**2 - 43*s + 15. Calculate the remainder when o(-9) is divided by 22.
7
Suppose 5*u + 10*u - 8423 = 31627. Calculate the remainder when u is divided by 14.
10
Suppose -5*o = -125 - 70. Suppose -3*d = 3*b - o, -d - 29 = -4*b + 2*b. What is the remainder